k + 6. Suppose -7 = 3*a - 6*a - 4*w, a = -4*w + 13. Let x(g) = a*f(g) + 4*u(g). Calculate x(1).
1
Let c(o) = 4*o + 7. Let x(k) = k + 1. Let b(p) = c(p) - 3*x(p). Let h(t) be the third derivative of t**5/15 - t**3/6 + t**2. Let r be h(1). What is b(r)?
7
Let m(b) be the second derivative of 2*b**3 + 61*b**2/2 + 7*b - 18. Determine m(-5).
1
Let t(z) be the third derivative of z**4/6 + z**3/3 + z**2 + 50. Determine t(-1).
-2
Let h(f) = 7*f**2 - 3*f**3 - 10*f**2 + 20*f**2 - 5 + 2*f**3. What is h(17)?
-5
Let h(l) be the first derivative of 2*l**3/3 - l**2/2 - 8*l - 21. Let c(t) = 3*t**2 - 2*t - 12. Let z(y) = -5*c(y) + 7*h(y). Give z(5).
-6
Let i = -93 - -95. Let v(o) = -4*o**2 + 4. Let a(z) = 2*z**2 - 2. Let m(w) = 5*a(w) + 2*v(w). Calculate m(i).
6
Let t(v) be the first derivative of 0*v**2 + 2*v**3 - 1/40*v**5 + 0*v + 9 + 1/8*v**4. Let q(r) be the third derivative of t(r). Determine q(3).
-6
Let c = 2679 - 2681. Let m(l) = -7*l + 2. Determine m(c).
16
Let x = 2 + 153. Let w = x + -159. Let k(n) = -n - 1. Determine k(w).
3
Let r be 6/(-4)*(-2 + 4). Let l be 7 + (r - (0 - 1)). Let t(j) be the second derivative of j**3/6 - 7*j**2/2 + 64*j. Determine t(l).
-2
Let k(r) be the third derivative of r**7/1260 + r**6/120 + r**5/15 + r**2. Let c(l) be the third derivative of k(l). Let p = -32 - -28. Determine c(p).
-10
Let r(w) = w - 1. Suppose 4*x = 5*q - 41, 3*x + 11 = 2*q - 4. Let a(i) = -7*i**3 + 7*i**3 + 9 + q*i - i**3 - 7*i**2 + 2. Let v be a(-8). Give r(v).
2
Let c(p) = p**3 + p**2 - 2*p - 9. Let j be c(0). Let w(b) = b**2 + 11*b + 8. Let v(h) = -3*h**2 - 34*h - 25. Let k(o) = -2*v(o) - 7*w(o). Determine k(j).
-6
Let z(k) be the third derivative of -k**5/60 - k**4/3 - 3*k**3 - 198*k**2. Calculate z(-6).
-6
Let p(x) be the first derivative of -x**4/4 - x**3/3 + x**2/2 - 1. Suppose 0 = -2*g + 3*g + 2*u + 1, g = -3*u. Calculate p(g).
15
Let h be (-5)/((-20)/(-12))*(2 + 1). Let t(d) = 3*d + 1. Calculate t(h).
-26
Let y(d) = -2*d - 3. Suppose -30*v = -5*c - 29*v + 2, 3*v = -2*c - 6. Give y(c).
-3
Let g be 17/(2/(5 + -3)). Let b = g - 11. Let o(j) = -b + 1 - j + 3 - 4. What is o(0)?
-6
Let i(o) = -9*o**3 - 11*o**2 + 6*o - 3. Let x(h) = -14*h**3 - 17*h**2 + 9*h - 5. Let v(d) = -8*i(d) + 5*x(d). Calculate v(-3).
-19
Let d(o) = 2*o + 6. Let p be d(-4). Let m(r) = -r**2 - 3*r - 1. What is m(p)?
1
Let s(r) = -r + 1. Let q(l) = l - 3. Let d(f) = 3*q(f) + 6*s(f). Let o(p) = -p - 1. Let x(v) = 2*d(v) - 5*o(v). Determine x(-3).
2
Let i(s) be the third derivative of -s**4/6 + s**3/2 + 79*s**2. What is i(2)?
-5
Let l(m) = -7*m - 56. Let b(j) = 6*j + 56. Let p(w) = -4*b(w) - 3*l(w). Calculate p(-17).
-5
Suppose 0*p + 2 = p. Let n be 0/6*(1 - p). Let x(m) = m**3 + m**2 - 5. Give x(n).
-5
Let r(d) = 4 + 24*d - 2 + 6 - 23*d. Determine r(9).
17
Let f(n) = -5*n - 3. Let j(l) = -11*l - 7. Suppose -5*c + 3*t = 24 - 84, t + 41 = 4*c. Let d(y) = c*f(y) - 4*j(y). Suppose 0 = -3*r - 0*r + 9. Calculate d(r).
-2
Let b(k) = 10*k**2 - 37*k + 34. Let t(h) = -3*h**2 + 12*h - 11. Let q(d) = 2*b(d) + 7*t(d). Calculate q(6).
15
Let w(n) = n**3 - 9*n**2 + 9*n - 18. Suppose 0 = -241*x + 240*x + 5*c - 2, 2*x + 3*c - 22 = 0. Calculate w(x).
-10
Let l(j) = -2*j**3 + j**2 - 5. Let p(z) = -3*z**3 + 2*z**2 + z - 6. Let m be 1/1 + (24/4)/2. Let u(y) = m*l(y) - 3*p(y). Calculate u(-2).
-12
Suppose -t - 18 + 14 = 0. Let x = 28 + -14. Let j be t/x + 8/28. Let f(q) = q + 8. Calculate f(j).
8
Let c be 2/9 + 260/45. Suppose 11*b - 10*b + c = 0. Let i(j) = -j**3 - 6*j**2 + j + 9. Let u(d) = d. Let h(r) = i(r) + 3*u(r). Determine h(b).
-15
Let r(b) be the second derivative of b**3/6 + 3*b**2 + 5*b. Suppose 3*v = 8*v - 4*p - 11, -v + 6 = 3*p. Suppose s + 2*o + 12 = 0, 0*o = -o - v. Determine r(s).
0
Let l(x) = 0 + 6 - 3*x - 819*x**2 + 811*x**2 - x**3. What is l(-7)?
-22
Let v = 77/5 - 919/60. Let z(t) be the third derivative of -v*t**5 + 3*t**2 + 0*t**3 + 0*t + 0 + 1/24*t**4. Give z(-1).
-6
Let f(p) = p**2 - 10*p + 20. Let s = 318 - 310. What is f(s)?
4
Let f(i) = i**3 - 19*i**2 - 2*i + 39. Let l be f(19). Let v be 6/(8/4) + l. Let g(j) = -2*j - 2. Give g(v).
-10
Let p(k) = -14*k + 26*k - 8 + 13 - 11*k. Give p(0).
5
Let j be -13*1/(-2) - (-61)/(-122). Let q(z) = -z + 12. Calculate q(j).
6
Let s(g) = 2*g - 2. Let w(c) = -c**2 - 5*c. Let i be w(-4). Suppose i*m - 2*z = -z + 7, 2*m + z - 5 = 0. What is s(m)?
2
Let d(k) = 1. Let f be (-9)/(-12)*(2 - -2). Suppose -2*m - f = -m. Let g(t) = 3*t - 5. Let v(q) = m*d(q) - g(q). Determine v(5).
-13
Let n(q) = 4*q**2 - 3*q + 2. Suppose 0 = 10*v - 245 + 235. Calculate n(v).
3
Suppose 5*k + 0*k - 90 = 0. Suppose -3*i - k = q, 5*i - 5 = 2*q - 24. Let r(p) = -13*p - 6 + 5 + 4*p**2 + 6*p + 0*p + p**3. Determine r(i).
9
Let k be 11 + -2 - (5 + -3). Let l(a) = 4*a. Let d = 9 + -7. Let r(b) = b. Let c(q) = d*l(q) - 9*r(q). Determine c(k).
-7
Let l(f) = -f**3 + 9*f**2 - 17*f + 7. Let y be l(2). Let t(h) = -28*h**2 + 2*h - 1. Calculate t(y).
-27
Let j(c) = 2*c + 10. Let u(q) = q - 6. Let r(x) = -j(x) + u(x). Let m = -16 + 9. Calculate r(m).
-9
Let n(z) = -9*z - 58. Suppose -2*o + 59 = 2*t + 81, -2*t - 7 = -o. What is n(t)?
-4
Let v(h) = -h - 3. Let i(j) = 4*j + 7. Let l(o) = 2*i(o) + 5*v(o). Give l(7).
20
Let z(q) = q**3 + 8*q**2 + 10*q - 1. Let y(g) = -g**3 - 7*g**2 - 8*g. Let w(u) = -3*y(u) - 2*z(u). Give w(-5).
-18
Let q(j) be the first derivative of j**3/3 + 21*j - 2. Let v be q(0). Let p be 23/7 - 6/v. Let w(i) = i**3 - 4*i**2 + 5*i - 3. What is w(p)?
3
Let d be -9 - 36 - (-2 + 1). Let b = d - -43. Let q(n) = n + 2. Calculate q(b).
1
Let t = 47 - 35. Suppose 3*n - t = 3*b, -b + 6*n - 3*n = 8. Let g be 4/b*16/(-32). Let r(j) = 5*j**3 + j**2 + j - 1. Calculate r(g).
6
Let g(h) be the first derivative of h**3/3 - h**2/2 - 5*h + 1. Let y(c) = -c - 3. Let n = 9 + -16. Let z be y(n). Determine g(z).
7
Let f(r) = r - 1. Let j(q) = -q + 17. Let m = 14 + -7. Let i be j(m). Suppose 2*p = -5*x - i - 10, p + 25 = -5*x. Give f(x).
-7
Let d(q) = -2*q**2 - 6*q**3 + 4*q**3 - 3*q + 4*q**3 + 2. Let w be (-2 + (-25)/(-10))*0. Let y be w - (1 + -5) - 4/2. What is d(y)?
4
Let m(t) be the third derivative of 0 - 1/12*t**5 - 1/120*t**6 + 4/3*t**3 - 10*t**2 + 0*t + 1/3*t**4. Let c = 3 + -9. Calculate m(c).
-4
Suppose -5*c - 52 = 78. Suppose -o = 4*q - 134, -q + 3*o + 27 = -0*o. Let b = c + q. Let t(i) = -i + 5. Give t(b).
-2
Let a(z) be the second derivative of -z**4/12 + 7*z**3/6 + 5*z**2 - 92*z. Calculate a(6).
16
Suppose -211 = 3*d - 199. Let p(b) = -b**2 - 3*b - 3. Give p(d).
-7
Let s(l) = l**3 + 3*l**2 + 5*l + 1. Let p(u) be the third derivative of -u**5/60 - u**3/6 - 9*u**2. Let a(x) = 2*p(x) - s(x). Calculate a(-4).
1
Let j(m) = -5*m**3 - 5*m**2 - m + 5. Let o be j(-3). Let a = o + -92. Let w(q) = -q**2 + 2*q + 2. Determine w(a).
-22
Let a = 50 - 39. Let g(r) = -30*r - 39. Let i(c) = -29*c - 38. Let b(m) = 6*g(m) - 7*i(m). Let z(t) = 8*t + 11. Let l(s) = a*z(s) - 4*b(s). Give l(-5).
13
Let p(v) be the second derivative of v**3/2 + 3*v**2 - 16*v + 24. Determine p(-3).
-3
Let o(b) be the second derivative of b**5/20 - b**4/4 - 2*b**3/3 - b**2/2 - 17*b + 1. Suppose t = -5*v + 9, 4*t - 32 = -4*v - 12. Give o(t).
-1
Let d(f) = f**2 - 2*f - 1. Let v = -20 + 35. Suppose 0 = 52*a - 50*a - 8. Suppose a*n - v = -3. What is d(n)?
2
Let v(r) = -4 + 6 + 274*r - 273*r. Let c(f) = -6 - 2*f - 1 + 3. Let b(h) = -4*c(h) - 7*v(h). Give b(-6).
-4
Let o(i) = -5*i + 2. Let d be o(-4). Let p(g) = d*g + 17*g - 37*g + 0 + 1. Determine p(1).
3
Let i(j) = 4*j + 8*j - 17*j + 9 + 7*j. What is i(-3)?
3
Let z(i) = -i**2 + 1341*i - 669*i - 676*i + 4. Calculate z(-6).
-8
Let c be (-1)/(-2) + (-517)/(-22). Suppose 5*n = c - 4. Let u(j) = 32*j - 2*j**2 + 33*j - 2*j**2 - 5 + j**3 - 62*j. Determine u(n).
7
Let v(n) = n**2 - 6*n. Let q = 1846 - 1842. Determine v(q).
-8
Let x(t) be the third derivative of t**4/24 - 19*t**3/6 - 54*t**2 + 2. What is x(0)?
-19
Let z(b) be the first derivative of b**5/120 - 13*b**3/3 + 17. Let o(r) be the third derivative of z(r). Calculate o(5).
5
Suppose 0 = 3*c - 0*c - 9. Let s(i) = -i**2 + 2*i + 1. Let a be s(c). Let q(k) = -15*k + 4*k + 5*k. What is q(a)?
12
Suppose -k - 60 = -16*k. Let m(a) be the third derivative of -a**5/60 + 5*a**4/24 - 2*a**3/3 + a**2. What is m(k)?
0
Let p(b) = 3*